**2 - 2*w - 8. What is b(4)?
0
Let s(n) = n**2 - n + 1. Calculate s(4).
13
Let d(z) = -z - 13. Determine d(-8).
-5
Let y(f) = f**3 - 2*f**2 - f - 14. Calculate y(0).
-14
Let h(s) = s + 11. Determine h(0).
11
Let f(b) = 8*b + 3. Calculate f(-7).
-53
Let b(v) = -v**2 + 14*v - 4. What is b(15)?
-19
Let q(l) = -9*l - 192. Determine q(-22).
6
Let z(j) = -j**3 - 2*j**2 - j + 22. Determine z(0).
22
Let g(h) = -h**3 - 2*h**2 + 13*h + 22. Determine g(-3).
-8
Let l(g) = -g - 61. What is l(-59)?
-2
Let z(h) = h**3 - 10*h**2 - 11*h + 6. Determine z(11).
6
Let v(x) = -2*x - 22. What is v(-11)?
0
Let o(h) = h**2 + 3*h - 7. Determine o(0).
-7
Let f(n) = -n + 18. Calculate f(14).
4
Let o(d) = 2*d - 32. What is o(14)?
-4
Let f(p) = p**3 + 2*p**2 + p + 6. Determine f(-3).
-6
Let b(r) = r - 12. Give b(17).
5
Let u(l) = -l + 1. Give u(7).
-6
Let t(y) = -6*y + 77. What is t(10)?
17
Let h(j) = -j**3 - 39*j**2 - 2*j - 78. What is h(-39)?
0
Let v(w) = w**3 + 9*w**2 + 6*w - 15. Determine v(-8).
1
Let h(r) = 51*r - 726. What is h(14)?
-12
Let j(k) = 36*k - 68. Give j(2).
4
Let b(u) = -u**3 - 3*u**2 - 3*u - 5. Give b(-2).
-3
Let w(i) = i**2 + i + 45. Give w(0).
45
Let j(i) = 5*i - 7. What is j(9)?
38
Let j(n) = 42*n + 174. Determine j(-4).
6
Let d(i) = -9*i - 86. Give d(-7).
-23
Let h(r) = -r**3 + 7*r**2 - 4*r - 2. Determine h(6).
10
Let u(t) = -t**3 + 13*t**2 + t + 4. Give u(13).
17
Let h(j) = -2*j - 42. Give h(13).
-68
Let i(a) = -4*a**2 - 22*a + 11. What is i(-6)?
-1
Let y(i) = i**3 + 13*i**2 - 15*i - 16. Determine y(-14).
-2
Let d(m) = 4*m - 32. What is d(-11)?
-76
Let y(i) = -i - 4. Determine y(-10).
6
Let x(c) = c**3 - 10*c**2 - 12*c - 7. Calculate x(11).
-18
Let v(f) = -8*f + 104. Determine v(13).
0
Let x(v) = v**2 - 3*v + 4. Give x(3).
4
Let v(j) = -2*j**2 + 2*j. What is v(-2)?
-12
Let s(u) = 2*u**2 + 15*u + 23. Give s(-6).
5
Let h(k) = -k**3 + 6*k**2 + 12*k + 5. Determine h(7).
40
Let c(g) = -g**2 + 3. Calculate c(4).
-13
Let f(u) = -67*u + 4. Give f(1).
-63
Let n(i) = -6*i - 23. Give n(1).
-29
Let v(l) = 153*l - 771. Give v(5).
-6
Let q(m) = -m**2 + 26*m - 19. Calculate q(25).
6
Let f(j) = -j**2 - 3*j + 28. Give f(4).
0
Let z(k) = 29*k - 263. Determine z(9).
-2
Let t(b) = -b**3 + 10*b**2 + 10*b + 18. Give t(11).
7
Let d(f) = -f**2 + 9*f + 13. Calculate d(13).
-39
Let n(m) = m**3 - 6*m**2 - m - 14. Determine n(7).
28
Let z(c) = c**2 + 9*c - 20. Determine z(-11).
2
Let d(x) = -x**2 - 8*x - 3. Give d(-8).
-3
Let n(p) = -p**3 - 12*p**2 - 13*p - 28. Calculate n(-11).
-6
Let n(m) = -12*m**3 + 3*m**2 - 12*m + 10. Give n(1).
-11
Let z(h) = 3*h + 1. Give z(4).
13
Let q(h) = h**3 - 6*h**2 + 6*h - 6. Give q(4).
-14
Let c(n) = n**2 + 5*n - 9. Calculate c(-6).
-3
Let l(o) = -o + 27. Give l(10).
17
Let b(h) = -h**2 - h - 26. Calculate b(-7).
-68
Let p(u) = u**2 - 16*u - 18. Give p(17).
-1
Let q(d) = -2*d**3 - 20*d**2 + 5*d + 16. What is q(-10)?
-34
Let o(r) = -r**2 + r + 1. Calculate o(-2).
-5
Let b(m) = m + 77. What is b(0)?
77
Let l(p) = 17*p + 16. What is l(-1)?
-1
Let j(u) = u**3 + 10*u**2 + 11*u + 12. What is j(-9)?
-6
Let g(c) = 31*c - 1453. Determine g(47).
4
Let y(h) = -3*h - 12. Calculate y(0).
-12
Let n(u) = 3*u. Determine n(3).
9
Let w(o) = -o**3 + 8*o**2 - 13*o + 6. What is w(6)?
0
Let h(r) = r**3 - 21*r**2 + 37*r + 4. Give h(19).
-15
Let b(i) = -i - 4. Determine b(0).
-4
Let c(m) = -40*m - 2. Give c(-3).
118
Let f(s) = -2*s + 21. Determine f(9).
3
Let x(h) = h - 6. Calculate x(7).
1
Let c(w) = -w**3 + 15*w**2 - 21*w + 26. Give c(13).
91
Let g(b) = 29*b + 1. What is g(-1)?
-28
Let n(k) = -11*k**2 - 4*k - 3. Give n(-3).
-90
Let w(q) = -3*q**3 + 46*q**2 - 12*q - 34. What is w(15)?
11
Let r(s) = s**3 - 20*s**2 - 20*s - 23. Give r(21).
-2
Let h(i) = -i**3 + 4*i**2 - 3*i - 2. What is h(3)?
-2
Let c(z) = z**3 - 21*z**2 + 67*z + 14. What is c(17)?
-3
Let v(t) = -2*t**3 + 5*t**2 + 6*t + 7. Give v(5).
-88
Let k(g) = 4*g**2 + 28*g - 4. Determine k(-7).
-4
Let s(b) = 5*b + 1. What is s(-2)?
-9
Let i(t) = 24*t + 19. What is i(0)?
19
Let t(l) = -l**2 - 10*l + 6. Give t(-8).
22
Let i(z) = -z**3 - 7*z**2 - 6*z - 20. Determine i(-6).
-20
Let a(c) = -c**3 + 8*c**2 + 23*c - 15. Give a(10).
15
Let u(j) = -j**2 + 19*j + 22. What is u(20)?
2
Let z(t) = 16*t - 33. Give z(4).
31
Let a(b) = -b**2 - 12*b - 27. What is a(-12)?
-27
Let z(d) = 5*d - 18. Calculate z(3).
-3
Let v(z) = -3*z**2 + z + 6. Give v(2).
-4
Let g(d) = d**3 + 2*d**2 + 3*d - 1. What is g(-2)?
-7
Let j(z) = 4*z - 60. Calculate j(17).
8
Let s(f) = 2*f**2 + 78*f + 31. Give s(-39).
31
Let g(y) = 10*y - 47. What is g(5)?
3
Let r(s) = 15*s + 2. Calculate r(-1).
-13
Let f(x) = 3*x + 13. Determine f(-10).
-17
Let r(w) = 16*w**2 - 4. What is r(-1)?
12
Let a(n) = n**3 + 13*n**2 - 14*n + 3. Calculate a(-14).
3
Let f(b) = -2*b + 2. Determine f(-2).
6
Let s(l) = l**2 - 5*l - 3. Determine s(6).
3
Let x(s) = s**2 - 9*s + 9. Determine x(9).
9
Let d(a) = 64*a + 195. Calculate d(-3).
3
Let b(q) = -49*q. What is b(-1)?
49
Let o(p) = 2*p - 4. What is o(2)?
0
Let q(v) = 5*v**2 - 10*v + 6. What is q(4)?
46
Let j(m) = -6*m. What is j(2)?
-12
Let v(b) = b**2 + 7*b + 7. Give v(-4).
-5
Let s(z) = -5*z - 4. Calculate s(-1).
1
Let s(l) = 25*l + 195. What is s(-8)?
-5
Let b(x) = x**2 + 9*x + 20. Give b(-8).
12
Let x(h) = h**2 - 21*h - 47. Give x(23).
-1
Let r(v) = -2*v**2 - 7*v + 58. What is r(6)?
-56
Let s(w) = -w**2 - 20*w - 28. Calculate s(-4).
36
Let h(u) = -u**3 - 8*u**2 + 9*u + 1. Give h(-9).
1
Let g(b) = -5*b**2 - 31*b - 2. Determine g(-6).
4
Let r(b) = 2*b**3 - 36*b**2 - 5*b + 93. Calculate r(18).
3
Let l(w) = w**3 - 7*w**2 - 8*w + 2. Calculate l(8).
2
Let w(v) = 10*v - 42. Determine w(4).
-2
Let z(v) = v**2 - 54*v + 374. Determine z(8).
6
Let c(f) = -f**3 + 7*f**2 - 7*f + 9. Calculate c(4).
29
Let p(t) = -8*t + 197. Give p(26).
-11
Let q(g) = 13*g - 192. Determine q(15).
3
Let o(v) = -v**3 - 24*v**2 - 24*v - 17. What is o(-23)?
6
Let r(p) = p**3 - 8*p**2 - 12*p - 8. Calculate r(8).
-104
Let i(c) = 2*c + 15. What is i(16)?
47
Let k(r) = r**3 - 3*r**2 - 10*r + 3. Calculate k(5).
3
Let r(p) = -p**2 - 11*p - 27. What is r(-8)?
-3
Let c(j) = j**3 + 3*j**2 - 9*j - 12. Determine c(-5).
-17
Let s(h) = -2*h**2 + 4*h + 9. Calculate s(5).
-21
Let q(z) = -z**3 + 40*z**2 + 176*z - 5. Determine q(44).
-5
Let a(z) = -3*z**2 + 31*z - 16. What is a(10)?
-6
Let r(a) = a - 1. Calculate r(1).
0
Let f(z) = 9*z - 14. Calculate f(10).
76
Let l(t) = -3*t - 1. Determine l(0).
-1
Let h(t) = -5*t**2 + 5*t + 3. Give h(-1).
-7
Let t(v) = -37*v + 30. Calculate t(-5).
215
Let u(r) = 15*r + 9. Determine u(6).
99
Let d(s) = s**2 - 3. What is d(-4)?
13
Let v(h) = -h**3 + 10*h**2 - 25*h + 8. Give v(7).
-20
Let y(r) = -r**3 - 2*r**2 + 7*r - 6. Calculate y(-4).
-2
Let n(q) = q**2 - 8*q + 3. Determine n(8).
3
Let b(k) = k**2 - 4*k + 4. Calculate b(1).
1
Let s(r) = -3*r - 33. Determine s(-12).
3
Let i(d) = -d**3 + 13*d**2 + 45*d + 31. Calculate i(16).
-17
Let j(u) = -u. Determine j(4).
-4
Let s(j) = j**2 - 13*j - 20. What is s(14)?
-6
Let i(r) = -27*r - 84. Determine i(-3).
-3
Let y(i) = 4*i + 3. Calculate y(-6).
-21
Let q(r) = 4*r + 134. Give q(0).
134
Let x(d) = d**2 + 8*d + 8. What is x(-6)?
-4
Let l(s) = s**3 + 3*s**2 + s + 5. Give l(-3).
2
Let j(g) = -g**3 - g - 88. What is j(0)?
-88
Let c(z) = z**2 - 5*z - 27. Calculate c(-6).
39
Let f(c) = -c**2 + 7*c + 35. Determine f(10).
5
Let o(u) = -u**3 + 3*u**2 + 6*u. What is o(4)?
8
Let o(u) = -5*u - 6. What is o(-7)?
29
Let h(z) = z**3 + 3*z**2 - 11*z + 1. Give h(-5).
6
Let z(i) = -4*i - 20. What is z(-7)?
8
Let p(s) = -13*s - 1. Give p(3).
-40
Let g(n) = -12*n - 7. Give g(2).
-31
Let u(y) = y**2 + 11*y + 5. What is u(-11)?
5
Let a(z) = 2*z - 29. Determine a(18).
7
Let a(q) = q**2 - 28*q - 23. Calculate a(29).
6
Let u(b) = b**3 - b**2 - 41. What is u(0)?
-41
Let q(f) = -6*f + 48. What is q(9)?
-6
Let p(z) = -z**2 - 5*z - 1. What is p(-6)?
-7
Let k(o) = -2*o + 32. Determine k(8).
16
Let t(a) = -a**3 - 3*a**2 + 7*a + 6. What is t(-6)?
72
Let z(j) = -6*j + 19. Give z(2).
7
Let b(o) = -14*o**2 + 2*o - 2. Calculate b(1).
-14
Let u(q) = -5*q - 2. Calculate u(1).
-7
Let t(l) = 4*l**3 - l**2 - 4*l + 4. What is t(2)?
24
Let o(l) = 2*l**3 - l**2 - l + 1. Determine o(1).
1
Let p(c) = 6*c - 84. Calculate p(14).
0
Let r(x) = -x**3 - 3*